010110101010001?
-100010110101010000
In base 2, what is 0 + -1011100101001001?
-1011100101001001
In base 10, what is -591091 - 4?
-591095
In base 5, what is 33 - 323102?
-323014
In base 12, what is -1b7a - 107?
-2085
In base 2, what is 100 - -10100010111100?
10100011000000
In base 16, what is -5 + 35c9?
35c4
In base 8, what is -4 - 420?
-424
In base 16, what is 7a7c - -31?
7aad
In base 5, what is -20 - -103110?
103040
In base 14, what is 2c1a8 - 2?
2c1a6
In base 9, what is 2 + 68376?
68378
In base 5, what is -400 - 112010?
-112410
In base 4, what is 223 - 12202310?
-12202021
In base 9, what is -26175 - 3?
-26178
In base 2, what is 11001010001010110 + -101?
11001010001010001
In base 2, what is 1101100 + -11011110?
-1110010
In base 2, what is -10001010110111100 - 100?
-10001010111000000
In base 13, what is -2b31 + -16?
-2b47
In base 9, what is 7643 - 3?
7640
In base 11, what is 28598 + 1?
28599
In base 7, what is -3 - -340653?
340650
In base 16, what is 1 + -6c0?
-6bf
In base 2, what is 1110001110000 - 1?
1110001101111
In base 3, what is 121112100121 + -11?
121112100110
In base 13, what is -18c056c + -1?
-18c0570
In base 7, what is -124 - 16161?
-16315
In base 7, what is 2 + 425221?
425223
In base 3, what is -1 + 20120212220?
20120212212
In base 5, what is 231 + -1131243?
-1131012
In base 2, what is -10001011000 - 100100?
-10001111100
In base 9, what is 140183 - 3?
140180
In base 11, what is -2 + -71a?
-721
In base 5, what is 11043144 + 0?
11043144
In base 16, what is -adf - 16?
-af5
In base 16, what is 229 + -1?
228
In base 8, what is 1135352 - -1?
1135353
In base 9, what is -71 + 10417?
10336
In base 6, what is -225212 - 434?
-230050
In base 8, what is -1516437 - -5?
-1516432
In base 7, what is -21116221 + -1?
-21116222
In base 7, what is -2 + 24511?
24506
In base 9, what is 105 + 10536?
10642
In base 8, what is -32065 - 10?
-32075
In base 10, what is 16241 - 2?
16239
In base 7, what is -4 - 653104?
-653111
In base 4, what is -12300221 + -1000?
-12301221
In base 2, what is 11 - 1110110010010011?
-1110110010010000
In base 7, what is -1105403 - 5?
-1105411
In base 8, what is -21224 + 0?
-21224
In base 12, what is -11 + -b2bb?
-b310
In base 8, what is -156 - -1020?
642
In base 4, what is -21020332 - 1?
-21020333
In base 16, what is 3050 + -29?
3027
In base 8, what is 410 - -356?
766
In base 12, what is -aa28 + -25?
-aa51
In base 5, what is 11 + -22440223?
-22440212
In base 7, what is 410 + 60511?
61221
In base 3, what is 1 + 12002222122?
12002222200
In base 13, what is -42 - -737c?
733a
In base 3, what is -11100020 + -1120?
-11101210
In base 5, what is -2 - 21320441?
-21320443
In base 2, what is -110001100 - -100010000?
-1111100
In base 14, what is -164 + -2a7?
-42b
In base 3, what is 1100222 - -201101?
2002100
In base 3, what is -2 + 101210222110?
101210222101
In base 3, what is 20002002020 + -1?
20002002012
In base 14, what is 322cdb - -1?
322cdc
In base 15, what is 2a60d + -1?
2a60c
In base 2, what is 11 + 10010011001111011?
10010011001111110
In base 15, what is 23e535 + 1?
23e536
In base 6, what is -40420 + -213?
-41033
In base 13, what is 95 - -2487?
254c
In base 10, what is -8 - 30601?
-30609
In base 11, what is 270 + 23?
293
In base 9, what is -1 + -527674?
-527675
In base 4, what is 20320 + 103?
21023
In base 4, what is 130 + -23032220?
-23032030
In base 13, what is 2 + -29a9?
-29a7
In base 2, what is -110000011000110110101 - 1?
-110000011000110110110
In base 12, what is -a0 + 211?
131
In base 11, what is -9044 + 63?
-8a91
In base 2, what is -10 + -111110110110?
-111110111000
In base 13, what is 2a566 - 2?
2a564
In base 6, what is 14 - 3150232?
-3150214
In base 10, what is -3 + 193688?
193685
In base 11, what is -11 + -490?
-4a1
In base 10, what is -37199 + 4?
-37195
In base 9, what is 13 + 17285?
17308
In base 12, what is 3b + -172a?
-16ab
In base 13, what is -21 - 36386?
-363a7
In base 2, what is 110100 - -11110110?
100101010
In base 10, what is -676362 - -1?
-676361
In base 7, what is -120110 - 34?
-120144
In base 12, what is -25 + -234?
-259
In base 14, what is 113 + -2034?
-1d21
In base 8, what is 11137 - -6?
11145
In base 6, what is 1550314 + -3?
1550311
In base 13, what is 2740a5 - -1?
2740a6
In base 15, what is -6c82 - -64?
-6c1d
In base 14, what is -d4 - -1b?
-b7
In base 6, what is -343 - 44?
-431
In base 6, what is 1010301 - -5?
1010310
In base 16, what is -68 + -3324?
-338c
In base 14, what is -8 + 1d919?
1d911
In base 14, what is -3 - -16a25?
16a22
In base 8, what is 6 + 15733?
15741
In base 2, what is -1111110 - -11000010000?
10110010010
In base 8, what is 31535 - 3?
31532
In base 9, what is 3228 - -446?
3675
In base 2, what is -101 + -1000111110011111000?
-1000111110011111101
In base 12, what is 23b + 1039?
1278
In base 2, what is -1001 + -1011101110001011?
-1011101110010100
In base 2, what is -100101 - -1100111?
1000010
In base 8, what is -1 + -112073?
-112074
In base 3, what is 10021 + 100220?
111011
In base 6, what is 311032 - 103?
310525
In base 12, what is 6 - 4b533?
-4b529
In base 2, what is 101 - 110010101101110010?
-110010101101101101
In base 13, what is 105 + 73?
178
In base 2, what is 10011010101001 - -10010?
10011010111011
In base 11, what is -4a902 + -2?
-4a904
In base 3, what is -12 - 121211102?
-121211121
In base 5, what is 103 + -1122?
-1014
In base 13, what is -47c - -33?
-449
In base 4, what is 11 - -2203311303?
2203311320
In base 7, what is -4445361 + 2?
-4445356
In base 3, what is 100211010 + -121?
100210112
In base 6, what is 2321 - 2?
2315
In base 12, what is -1130ab - 1?
-1130b0
In base 8, what is 101 - -522?
623
In base 12, what is -187 - -165?
-22
In base 7, what is 2230 - 464?
1433
In base 13, what is 2c - 239?
-20a
In base 4, what is -2 - 1102231031?
-1102231033
In base 10, what is -536269 - 4?
-536273
In base 15, what is 39 + 1c?
56
In base 10, what is 1677962 - 4?
1677958
In base 8, what is -227 + -53?
-302
In base 8, what is -703443 + -1?
-703444
In base 10, what is -135143 - 3?
-135146
In base 3, what is -22 + 22000111022?
22000111000
In base 13, what is 3 - -101b7?
101ba
In base 3, what is -11221221 + -11?
-11222002
In base 2, what is -101100011111110 + 1001?
-101100011110101
In base 3, what is -12 + -2210221120?
-2210221202
In base 8, what is 0 - -24464?
24464
In base 3, what is -2 + 1100000112?
1100000110
In base 5, what is -310140 + 423?
-304212
In base 15, what is 70e87 + 1?
70e88
In base 16, what is 6d + -b9?
-4c
In base 12, what is -624 - -2a5?
-33b
In base 14, what is -882 + -8cc?
-1370
In base 8, what is 50 - -7664?
7734
In base 8, what is 13174 + 4?
13200
In base 14, what is -21867d + -2?
-218681
In base 11, what is -16 + -13436?
-13451
In base 16, what is -1582b9 - -2?
-1582b7
In base 7, what is -2025651 - 5?
-2025656
In base 12, what is 1391 + 0?
1391
In base 7, what is -6 - 1022106?
-1022115
In base 7, what is 136434 + -4?
136430
In base 6, what is 13030 + 1232?
14302
In base 2, what is -10100001011111 - 1000?
-10100001100111
In base 5, what is 300 - 30410?
-30110
In base 6, what is -1242 + 1504?
222
In base 11, what is -99 - 29?
-117
In base 4, what is 1030131 - 12?
1030113
In base 5, what is 1421410 + -1?
1421404
In base 11, what is -49695 + 5?
-49690
In base 12, what is 0 - -a2336?
a2336
In base 4, what is -12301 - 322112?
-1001013
In base 4, what is -12 + 122132230?
122132212
In base 6, what is 10 - -2012020?
2012030
In base 8, what is 37462 - 4?
37456
In base 6, what is -541221 + -22?
-541243
In base 8, what is 146077 - -4?
146103
In base 10, what is 65 - -4256?
4321
In base 15, what is -15e75 + -5?
-15e7a
In base 14, what is 383 + 388?
72b
In base 6, what is 154350 - 1?
154345
In base 2, what is -10 - 1000100100010001?
-1000100100010011
In base 13, what is 73 - -2580?
2623
In base 6, what is -1131351 - -1?
-1131350
In base 2, what is -10 - -100101111101011110?
100101111101011100
In base 15, what is -5 - -653b6?
653b1
In base 12, what is 79b + 3ba?
b99
In base 12, what is 3925 + -1?
3924
In base 11, what is 8 - -130a9?
13106
In base 8, what is 3675 - 20?
3655
In base 3, what is -11 + -1100111100?
-1100111111
In base 2, what is 110000 + 10000110101?
10001100101
In base 3, what is -1012120020 - 1212?
-1012122002
In base 13, what is -b2 + 5152?
5070
In base 13, what is 729c +